prime number?
False
Is 63599309407 a prime number?
False
Is 12118084039 a composite number?
False
Is 1949340493 a prime number?
False
Is 1257672887 prime?
False
Is 304052547763 prime?
True
Is 359253059 composite?
True
Is 1452522781 prime?
False
Is 3660248689 composite?
True
Is 1831665273 composite?
True
Is 180626067359 a composite number?
False
Is 102154319 prime?
True
Is 56120253221 a composite number?
False
Is 131057417 prime?
True
Is 3659831869 a prime number?
True
Is 1194931159 prime?
True
Is 1989144847 prime?
True
Is 10148682463 composite?
False
Is 460440983 composite?
True
Is 3110501759 a composite number?
False
Is 43492109 a prime number?
True
Is 694172459 composite?
True
Is 172870946389 prime?
True
Is 1166842477 a composite number?
False
Is 1620255137 composite?
False
Is 11359865771 prime?
False
Is 11070935419 a prime number?
False
Is 722763761 prime?
True
Is 101572459 prime?
False
Is 1112197777 a prime number?
False
Is 3507075037 a composite number?
False
Is 10599400263 a composite number?
True
Is 211531189 a composite number?
True
Is 1853110562 a prime number?
False
Is 138213573 composite?
True
Is 412812971 composite?
False
Is 39280331 a prime number?
False
Is 55240417 a prime number?
True
Is 893416663 a composite number?
False
Is 53906011 a composite number?
False
Is 231057209 a composite number?
True
Is 547034849 prime?
True
Is 2980854743 composite?
False
Is 231502866559 composite?
True
Is 43875609193 a prime number?
False
Is 754953037 a prime number?
False
Is 1231744771 a composite number?
True
Is 1043680039 a prime number?
False
Is 1099588145 a prime number?
False
Is 2626148111 prime?
True
Is 30722406431 prime?
True
Is 2830832101 a composite number?
True
Is 670078631 a prime number?
True
Is 2489944913 a prime number?
True
Is 4828726527 a prime number?
False
Is 2499137293 a prime number?
True
Is 12547773229 a prime number?
False
Is 202321279 a prime number?
False
Is 377725555 a prime number?
False
Is 339761657 composite?
False
Is 247369141 prime?
True
Is 36064087 a prime number?
False
Is 33571559941 composite?
False
Is 2347373663 a prime number?
True
Is 298957543567 composite?
False
Is 803746399 prime?
True
Is 166316458697 composite?
False
Is 7877439727 prime?
False
Is 2490857183 composite?
True
Is 4373066303 a composite number?
True
Is 103601303 composite?
True
Is 481341017 prime?
False
Is 41601787 a composite number?
False
Is 62803625831 a composite number?
False
Is 2547458191 a prime number?
False
Is 162316963 prime?
False
Is 2053404497 prime?
True
Is 52490805481 prime?
True
Is 348400222 prime?
False
Is 12931127021 a composite number?
False
Is 495764419 a prime number?
False
Is 68527818829 prime?
False
Is 9551165433 prime?
False
Is 5562916871 composite?
False
Is 11706603919 a composite number?
False
Is 875473189 prime?
False
Is 54981653143 composite?
False
Is 918778937 a composite number?
False
Is 14692196605 composite?
True
Is 4010654665 a composite number?
True
Is 139792560833 a prime number?
False
Is 21074815082 a composite number?
True
Is 3461440739 prime?
True
Is 70614237217 a prime number?
True
Is 849194441 composite?
True
Is 6849083147 a prime number?
True
Is 1775861705 prime?
False
Is 2792998667 composite?
True
Is 399970217 a prime number?
False
Is 292614629 prime?
True
Is 198939306463 a composite number?
False
Is 2496619493 composite?
False
Is 1236817363 a prime number?
True
Is 57199723787 prime?
True
Is 9903539449 prime?
True
Is 45199739 prime?
False
Is 788138447 prime?
False
Is 296894249 a composite number?
True
Is 73516439 a prime number?
True
Is 92997123553 a prime number?
True
Is 1953820199 a composite number?
False
Is 33522513263 a composite number?
True
Is 3455659 a prime number?
False
Is 234394301 composite?
False
Is 73570006079 a prime number?
True
Is 29994164945 a composite number?
True
Is 66205003 composite?
True
Is 76451356213 a composite number?
True
Is 5964764089 prime?
False
Is 8035429639 composite?
False
Is 2321379979 a composite number?
False
Is 213510749 a prime number?
False
Is 1821200413 composite?
True
Is 30053436321 composite?
True
Is 2222055919 a prime number?
False
Is 11407526981 composite?
False
Is 4283529226 a prime number?
False
Is 1726096891 composite?
False
Is 16091177581 prime?
False
Is 2113510891 a composite number?
False
Is 1455024002 prime?
False
Is 3017512171 a composite number?
True
Is 2389829119 prime?
True
Is 519996193 a composite number?
False
Is 12832532257 a prime number?
True
Is 27143453063 a prime number?
True
Is 4426835701 a composite number?
False
Is 1893859247 composite?
True
Is 1150674073 a prime number?
True
Is 767044897 a composite number?
False
Is 9104380063 a prime number?
True
Is 4602584587 composite?
False
Is 3627773 prime?
False
Is 31619149 a prime number?
False
Is 35181247 a composite number?
True
Is 41186626043 a composite number?
False
Is 14055948239 prime?
False
Is 1419082387 a prime number?
True
Is 945969537 a prime number?
False
Is 15335795089 a composite number?
False
Is 4012405129 a prime number?
True
Is 141315593 composite?
False
Is 744987071 composite?
True
Is 30671281937 prime?
False
Is 1094611963 a composite number?
True
Is 69493239533 a composite number?
False
Is 203645005807 prime?
False
Is 3476415443 a prime number?
True
Is 1415161603 a composite number?
False
Is 36423621907 prime?
False
Is 1164870511 composite?
True
Is 57944916259 prime?
False
Is 9642600817 prime?
False
Is 269059769 prime?
False
Is 2723791429 prime?
True
Is 1646749063 composite?
False
Is 5058397 a composite number?
False
Is 389418817 composite?
False
Is 26776081789 composite?
False
Is 393833233 a composite number?
True
Is 4604711393 composite?
False
Is 12247112623 a composite number?
True
Is 168802771 a prime number?
False
Is 63175546169 a composite number?
False
Is 26575045037 a composite number?
False
Is 31367845081 composite?
False
Is 2356863637 a prime number?
True
Is 3964423334 a prime number?
False
Is 20526212831 a prime number?
True
Is 3130995323 a prime number?
False
Is 37976779661 a prime number?
False
Is 2054206117 a composite number?
True
Is 2921383589 prime?
False
Is 126406589059 composite?
False
Is 2456395367 a composite number?
False
Is 9304822987 a composite number?
False
Is 61902835041 a prime number?
False
Is 7876612438 a prime number?
False
Is 31311047 composite?
True
Is 42741799565 a prime number?
False
Is 8028008207 a composite number?
False
Is 240063601 composite?
True
Is 29661676049 composite?
False
Is 14134111427 composite?
False
Is 3009249017 a composite number?
False
Is 17398054057 a composite number?
True
Is 49996147 composite?
True
Is 1023970369 prime?
False
Is 70989303057 a prime number?
False
Is 20979012889 composite?
False
Is 18598524193 a composite number?
False
Is 23360816893 composite?
True
Is 5382205391 prime?
False
Is 1535415443 composite?
True
Is 47872903153 a composite number?
False
Is 20323479283 prime?
True
Is 928855931 a prime number?
True
Is 9795170711 prime?
True
Is 7129952353 a prime number?
False
Is 791830901 prime?
True
Is 180130337 a prime number?
False
Is 176516369 a composite number?
False
Is 3536534689 a composite number?
False
Is 467556821 a composite number?
True
Is 464711047 prime?
True
Is 5075671603 a prime number?
True
Is 715459463 a prime number?
True
Is 3902319167 a composite number?
False
Is 206469097 a composite number?
True
Is 39356506451 a composite number?
True
Is 163379999 prime?
True
Is 1085485007 prime?
False
Is 3093942067 composite?
True
Is 5897090253 a composite number?
True
Is 2250667603 a composite number?
True
Is 5146215121 a prime number?
True
Is 15701993279 composite?
True
Is 15244285981 composite?
False
Is 1483792166 a prime number?
False
Is 2495770763 a prime number?
False
Is 2658170791 a composite number?
False
Is 2598836209 prime?
False
Is 2064877567 composite?
True
Is 15299134239 a prime number?
False
Is 17648593667 prime?
True
Is 3384433529 composite?
False
Is 10383567226 prime?
False
Is 1452123395 a prime number?
False
Is 283021813 prime?
True
Is 3573805873 a prime number?
False
Is 53643719 composite?
False
Is 3662840633 a composite number?
False
Is 20114657221 prime?
True
Is 1988016343 a composite number?
False
Is 20966846167 a prime number?
True
Is 216555286123 composite?
True
Is 6894393479 composite?